-u. Calculate k(u).
-4
Suppose 2*b - 39 - 3 = 0. Suppose 0 = -2*j + 3*a + 14, 0 = -j + 3*a + 2*a + b. Let k(o) = o**2. What is k(j)?
1
Let r(d) be the first derivative of -d**4/4 - 5*d**3/3 + 3*d**2 + 6*d - 496. Determine r(-5).
-24
Let m(i) = i - 5. Let z = 81 + -118. Let r = 43 + z. Determine m(r).
1
Let m(p) = 9*p. Suppose -50*l = -49*l - 2. Let b(f) = -35 + 35 - 4*f. Let g(y) = l*m(y) + 5*b(y). Calculate g(-2).
4
Let v(u) = 4*u**3 + 5 + u**2 - 7 - 5*u**3 - 2 + 4*u + 2*u**2. Determine v(5).
-34
Let n = -3 - -9. Let t = 12 - n. Let o(c) = c**3 - 5*c**2 - 3*c - 6. Give o(t).
12
Let i(x) be the second derivative of -x**6/360 + x**5/24 - x**4/4 - 17*x**3/6 + 2*x. Let b(o) be the second derivative of i(o). Determine b(4).
-2
Let a(f) be the third derivative of 5*f**4/24 - 2*f**2. Let g(c) = c + 16. Let s(k) = -k**3 + 14*k**2 - 15. Let x be s(14). Let i be g(x). Calculate a(i).
5
Let f(x) = -3*x + 2*x - 233 + 237. Give f(5).
-1
Let y(a) be the third derivative of -a**6/120 + a**5/3 - 19*a**4/24 + 311*a**2. What is y(19)?
0
Let u = 21 - 20. Let h be 4/(-2) + u - -1. Let b(n) = n**3 + n**2 + n + 13. Determine b(h).
13
Let a(o) = -o + 10. Let n be (-13 - -1)/((-7)/((-56)/(-12))). What is a(n)?
2
Let m(u) be the first derivative of -u**3/3 - u**2/2 - 4*u - 73. Determine m(0).
-4
Let s(o) = -o**3 - 3*o**2 + o - 13. Let w(i) = 2*i**2 + 33*i + 45. Let h be w(-15). What is s(h)?
-13
Let c(b) = b + 30. Let r be c(-19). Let x(u) = 3*u**2 + 2*u + 5. Suppose 4*i = -19 + 3. Let l(m) = 9*m**2 + 5*m + 14. Let v(o) = i*l(o) + r*x(o). What is v(1)?
-2
Let g(b) = b**2 + 7*b - 2. Let z be ((-12)/9)/((-2)/(-12)). What is g(z)?
6
Let a(c) = -6*c**2 + 12*c - 32. Let u be a(4). Let j = -71 - u. Let l(d) = -d**3 + 8*d**2 + 12*d - 8. What is l(j)?
19
Let g(u) be the third derivative of -u**6/120 - 7*u**5/60 - u**4/12 - u**3/3 + 16*u**2. What is g(-6)?
-26
Suppose 0 = 5*p - 9 - 1. Let o(k) = 6 - 9 - p + k + 6. What is o(4)?
5
Let b(p) be the second derivative of -p**4/12 + 5*p**3/6 - 3*p**2/2 + 6*p. Let s be 16/72 + (-160)/(-9). Let x = s + -15. Determine b(x).
3
Let q(r) = -r + 3. Let m be ((1 - 1)/(-14 - -10))/2. Suppose x + 1 = 0, 4*l + 0*x - x + 19 = m. Calculate q(l).
8
Let w = -6166 + 6160. Let g = 1 - -1. Let z(c) = 0*c**2 - 3 + 6*c - 3*c**g + 4*c**2. Determine z(w).
-3
Let d(s) = 0*s - 11*s**3 + s + 5*s**2 - 3 + 4*s**3 + 7*s**3 + s**3. What is d(-3)?
12
Let h(b) = 4*b**2 + b. Suppose -258 = -13*z + 7*z. Let a = z + -44. Determine h(a).
3
Let r(o) = 4*o**2 - 8*o + 5. Let q(d) = 3*d**2 - 5*d + 3. Let f(x) = 8*q(x) - 5*r(x). Let l = -10 - -11. Calculate f(l).
3
Let d(c) be the first derivative of -c**2/2 - 5*c - 113. Give d(-4).
-1
Let f = 1 - -5. Let j = 11 - 5. Let l be 7/j + f/(-36). Let c(u) = 2*u**2 - 1. Calculate c(l).
1
Let j(f) = 11*f - 16. Let d(q) = -32*q + 44. Let n(y) = 5*d(y) + 14*j(y). Determine n(2).
-16
Let l = 1345 + -1345. Let m(p) be the second derivative of -p**4/12 + p**3/6 + p**2 + p. Determine m(l).
2
Let j(l) be the second derivative of l**3/6 - 7*l**2/2 - 16*l. Let p(m) = -m**2 - 12*m + 5. Let f be p(-12). Give j(f).
-2
Let i(h) = h**2 - 6*h + 5. Suppose 45 = 5*l - 5*x, 21 = 2*l + 2*l - x. Determine i(l).
-3
Suppose 3*q - 50 = q. Let j = 29 - q. Let l(x) = x**3 - 3*x**2 - 3*x - 4. Give l(j).
0
Let m be (-1 + 1)/((-6)/(-2)). Let r = m + 4. Let t = -9 + r. Let z(c) = c**2 + 6*c. Calculate z(t).
-5
Let s(f) = -f**2 + 225*f + 0*f**2 - 230*f. Determine s(-5).
0
Let b(y) = -y**3 + 3*y**2 - y - 3. Let x be (0/(1 - -1))/(-1). Suppose x = 4*d - d - 5*j + 1, -4*j + 20 = 4*d. Calculate b(d).
-6
Suppose -5*x + 4 + 6 = -5*k, 2*k - 3*x = -6. Suppose -s + k*s = 3. Let h be (s/(-2) + -1)*-12. Let y(q) = q**2 + 6*q. What is y(h)?
0
Suppose -l = 3*w - 4*w - 69, 0 = -5*l - 2*w + 352. Let u(i) = 2*i - l - 7*i + i**2 + 37 + 37. Calculate u(4).
0
Let f(c) = -c**3 + c**2 + 4*c - 2. Let d(v) = v**2 + 16*v + 16. Let z be d(-15). Suppose 2*n + 1 = -i - z, -i = 0. Let k = 4 + n. Determine f(k).
-8
Let h(z) = -z**2 + 4*z + 2. Let t be h(3). Let y = 2 + -2. Let g(l) = y*l**2 - t*l - 6*l**2 - 4 + 4*l**2. Give g(-3).
-7
Let n(u) be the second derivative of -u**3/6 - 7*u**2 - 3*u. Let w be n(-16). Let j = w + -2. Let o(p) = p - 4. Give o(j).
-4
Let q(c) = -c**3 - 3*c**2 + 4*c. Suppose 0 = 2*o - o - 2. Let k be (-9 + (-3)/(-1))/o. Calculate q(k).
-12
Let o(x) = 14*x**2 - 33*x + 43. Let h(p) = 5*p**2 - 11*p + 15. Let c(f) = 11*h(f) - 4*o(f). What is c(10)?
3
Let a(u) = -1. Let j(h) = -2. Let f(p) = a(p) - j(p). Let k(d) = -2*d - 5. Let i(t) = 4*f(t) + k(t). Let q be 2*(2 + 3/(-6)). Determine i(q).
-7
Let a(q) = -3*q**2 + 2*q + 3. Let t be ((-17)/(-4) - 7/28) + 8. Let n = -14 + t. Calculate a(n).
-13
Let u be (-2)/33 + (-8 - (-1837)/363). Let y(x) = -7*x + 1. Let a(m) = -11*m + 2. Let b(t) = 5*a(t) - 8*y(t). Calculate b(u).
-1
Let r(s) be the first derivative of s**4/4 + 5*s**3/3 + 2*s**2 + 3*s - 1. Suppose 22 = 2*i - i. Let c = -26 + i. Calculate r(c).
3
Let m(y) = 2*y - 10. Let o(n) = 2*n**2 + n - 7. Let d be o(-3). Let x be m(d). Let b(t) = t + 1. Let f(z) = -4*z + 4. Let p(v) = 3*b(v) + f(v). Calculate p(x).
1
Suppose 10*r = 5*r + 15. Suppose -2*i = -b + 1, -r*b + 8*b - 19 = -4*i. Let s(q) = 0*q + 0 + 1 - 2*q. What is s(i)?
-1
Let t(h) be the first derivative of h**4/4 + h**3 - 2*h**2 + 2*h - 3. Suppose -7*y - 38 = -10. What is t(y)?
2
Let p(f) = -9*f + 1. Let t(q) = -13*q - 17. Let x be t(-1). Give p(x).
37
Let u(f) = 15*f - 3 + 1 - 4*f. Let a(t) = -5*t + 1. Let y(v) = 13*a(v) + 6*u(v). Calculate y(2).
3
Suppose -13*t - 2*b + 18 = -16*t, 4*t + 5*b = -24. Let n(v) be the third derivative of v**5/30 + v**4/3 - 2*v**3/3 + v**2. Determine n(t).
20
Let y = 563 - 558. Let f(s) = s**2 - 11*s + 5. Calculate f(y).
-25
Let i = 12 - 9. Let y be -1 + 6 - (i + -5). Let w = 5 - y. Let z(b) = 2*b + 3. What is z(w)?
-1
Let r(b) be the second derivative of b**5/20 + b**4/12 - b**3/6 - b**2/2 - 4*b + 11. Calculate r(2).
9
Let q(p) = -82 + 7*p**2 - 82 - 86 + 249. What is q(1)?
6
Let n(h) = 4*h**2 - 3*h + 3. Suppose 2*z = 5*a - 7 - 11, -4*z + a = 0. Let j be n(z). Let k(i) = 2*i - 5. Give k(j).
3
Let s(c) = -83 - 86 + 4*c**2 + 171 - 2*c. Determine s(1).
4
Let t(x) = 47*x + 235. Let u be t(-5). Let l(w) = 2*w - w + 1 - 5. Give l(u).
-4
Let i(r) = 3*r**2 + 7*r. Let g(z) = 5*z**2 + 11*z. Let c(d) = 5*g(d) - 8*i(d). Suppose -4*y + 5 = -7. Suppose -l + 4 = -y*l. Determine c(l).
6
Suppose -5*h + 16 = -9. Suppose -6*c - 25 = -c + 5*k, -3*c - 15 = -h*k. Let d(y) = y**2 + 3*y - 5. Determine d(c).
5
Let y(i) = 2*i - 6. Let m be (-27 - -28)/(1/5). Calculate y(m).
4
Suppose 0 = -2*r + 12 + 18. Suppose 10 + r = 5*g, m = -2*g + 17. Suppose -3*f - 3*t + 11 = -m, -2*f = -3*t + 13. Let o(h) = -11*h - 1. Give o(f).
-12
Let m(c) be the second derivative of -c**6/360 - c**5/120 + c**4/3 + 21*c. Let a(t) be the third derivative of m(t). Give a(-3).
5
Let t(j) = j - 1. Suppose 0*i - 3 = i. Let l = 0 + i. Let b(g) = g - 2. Let n(z) = l*t(z) + 2*b(z). Determine n(3).
-4
Let w(c) = 3*c + 17. Let l(g) = 14*g - 233. Let y be l(16). What is w(y)?
-10
Let r(m) = -1 - 4*m + 3*m + 2*m. Let c(u) = u**2 - 23*u - 414. Let k be c(-12). Give r(k).
5
Let f(g) = -82 + 2*g**3 + 39 + 41 + g - 3*g**2 + g**3. Determine f(2).
12
Suppose -418 = 2*q - 24*q. Let b(s) = 2*s**2 - 39*s + 15. Give b(q).
-4
Let w(m) = -m**3 - 4*m**2 - 6*m - 4. Let c = -529 - -525. Give w(c).
20
Let f(c) = 2*c**3 - 6*c**2 - 3*c - 2. Suppose -3*a = -3*y, 0 = -2*a - y - 4*y + 21. Calculate f(a).
-11
Suppose -4*d + 11 = d + v, 4*d - 8 = -v. Let p(u) = -u - 5*u + d*u - 1. Calculate p(-2).
5
Let g(x) = -3*x**3 + 5*x - 19. Let s(c) = c - 4. Let y(a) = -g(a) + 5*s(a). Determine y(1).
2
Suppose 0 = 5*u - 4*w - 0*w - 8, 3*w = 5*u - 11. Let y(a) = -6*a - 1 + 4*a - 4*a + u*a. Give y(-4).
7
Suppose 2*l + w = -10, -3 + 4 = -3*l - 5*w. Let d(a) = 68*a - 33*a + 0 + 7*a**2 - 13*a**2 - a**3 + 9 - 30*a. Calculate d(l).
23
Let o(q) = -2*q + 8. Let k(v) = -5*v + 6. Let u be k(0). Suppose 0 = 11*x - u*x - 40. Determine o(x).
-8
Suppose 0 = -2*f - f. Let w = f - -1. Let i(u) = 1 - 6*u**2 + 11*u**2 + 7*u**2. Determine i(w).
13
Let a(h) = -30*h - 4. Let x(y) = 74*y + 8. Let d(l) = -5*a(l) - 2*x(l). Give d(-15).
-26
Let q(r) = -r**2 + 8*r - 2. Let z be q(10). Let h = z - -21. Le